 is divided by 229.
219
Calculate the remainder when 11649 is divided by 64.
1
Calculate the remainder when 1935 is divided by 279.
261
What is the remainder when 3553 is divided by 402?
337
What is the remainder when 24940 is divided by 127?
48
What is the remainder when 25103 is divided by 6275?
3
Calculate the remainder when 131133 is divided by 430.
413
What is the remainder when 7013 is divided by 16?
5
What is the remainder when 7292 is divided by 364?
12
What is the remainder when 3014815 is divided by 112?
111
What is the remainder when 22813 is divided by 2272?
93
What is the remainder when 1272 is divided by 40?
32
What is the remainder when 36675 is divided by 2606?
191
What is the remainder when 8338 is divided by 3?
1
What is the remainder when 113315 is divided by 57?
56
What is the remainder when 116649 is divided by 972?
9
What is the remainder when 527 is divided by 67?
58
Calculate the remainder when 2185732 is divided by 43.
42
Calculate the remainder when 27634 is divided by 9029.
547
Calculate the remainder when 71636 is divided by 174.
122
Calculate the remainder when 756690 is divided by 984.
978
Calculate the remainder when 1801541 is divided by 38.
37
Calculate the remainder when 83 is divided by 78.
5
What is the remainder when 23912 is divided by 80?
72
Calculate the remainder when 7897 is divided by 21.
1
What is the remainder when 457413 is divided by 614?
597
What is the remainder when 1647 is divided by 641?
365
Calculate the remainder when 241895 is divided by 104.
95
Calculate the remainder when 538 is divided by 69.
55
Calculate the remainder when 56067 is divided by 435.
387
What is the remainder when 10719 is divided by 75?
69
What is the remainder when 220314 is divided by 9179?
18
What is the remainder when 11910 is divided by 11?
8
What is the remainder when 25865 is divided by 92?
13
What is the remainder when 9876 is divided by 1095?
21
What is the remainder when 15614 is divided by 15599?
15
What is the remainder when 1033 is divided by 10?
3
Calculate the remainder when 106057 is divided by 21207.
22
Calculate the remainder when 107209 is divided by 710.
709
Calculate the remainder when 2017 is divided by 169.
158
What is the remainder when 11767 is divided by 50?
17
What is the remainder when 17563 is divided by 5822?
97
Calculate the remainder when 1261 is divided by 71.
54
What is the remainder when 1474 is divided by 1442?
32
What is the remainder when 1264 is divided by 218?
174
What is the remainder when 974 is divided by 424?
126
Calculate the remainder when 3520781 is divided by 9.
8
Calculate the remainder when 30254 is divided by 11.
4
What is the remainder when 6186 is divided by 2040?
66
Calculate the remainder when 26992 is divided by 17.
13
What is the remainder when 21302 is divided by 18?
8
Calculate the remainder when 11406 is divided by 1059.
816
Calculate the remainder when 48954 is divided by 1525.
154
Calculate the remainder when 234391 is divided by 36.
31
Calculate the remainder when 115932 is divided by 7.
5
Calculate the remainder when 2013021 is divided by 52.
49
Calculate the remainder when 5113 is divided by 182.
17
What is the remainder when 179 is divided by 8?
3
What is the remainder when 1469 is divided by 163?
2
Calculate the remainder when 4236 is divided by 1221.
573
What is the remainder when 24346 is divided by 108?
46
What is the remainder when 3830 is divided by 492?
386
What is the remainder when 2083 is divided by 257?
27
What is the remainder when 85912 is divided by 111?
109
Calculate the remainder when 31710 is divided by 793.
783
What is the remainder when 13933 is divided by 13899?
34
What is the remainder when 10323 is divided by 104?
27
What is the remainder when 468 is divided by 123?
99
What is the remainder when 33536 is divided by 151?
14
What is the remainder when 950 is divided by 137?
128
What is the remainder when 25178 is divided by 3595?
13
What is the remainder when 5560 is divided by 798?
772
What is the remainder when 2266 is divided by 2054?
212
Calculate the remainder when 86067 is divided by 393.
0
Calculate the remainder when 862 is divided by 284.
10
What is the remainder when 121124 is divided by 51?
50
What is the remainder when 264 is divided by 173?
91
Calculate the remainder when 361276 is divided by 238.
230
Calculate the remainder when 23745 is divided by 7914.
3
What is the remainder when 125744 is divided by 15?
14
What is the remainder when 28632 is divided by 59?
17
Calculate the remainder when 17049 is divided by 8295.
459
Calculate the remainder when 2606 is divided by 724.
434
What is the remainder when 2259 is divided by 34?
15
What is the remainder when 13201 is divided by 6585?
31
Calculate the remainder when 111900 is divided by 269.
265
Calculate the remainder when 12800 is divided by 3192.
32
Calculate the remainder when 6565 is divided by 53.
46
Calculate the remainder when 997 is divided by 298.
103
What is the remainder when 49455 is divided by 951?
3
What is the remainder when 5128 is divided by 426?
16
What is the remainder when 17732 is divided by 377?
13
What is the remainder when 1122 is divided by 334?
120
Calculate the remainder when 8746 is divided by 1697.
261
What is the remainder when 210912 is divided by 215?
212
Calculate the remainder when 9126 is divided by 440.
326
What is the remainder when 76523 is divided by 166?
163
What is the remainder when 6979 is divided by 15?
4
Calculate the remainder when 579 is divided by 287.
5
What is the remainder when 12643 is divided by 1575?
43
Calculate the remainder when 5593 is divided by 102.
85
Calculate the remainder when 3279 is divided by 16.
15
What is the remainder when 39337 is divided by 9798?
145
What is the remainder when 293974 is divided by 24?
22
Calculate the remainder when 175974 is divided by 139.
0
Calculate the remainder when 432 is divided by 15.
12
Calculate the remainder when 254520 is divided by 1422.
1404
Calculate the remainder when 18058 is divided by 201.
169
What is the remainder when 271076 is divided by 83?
81
Calculate the remainder when 225377 is divided by 51.
8
Calculate the remainder when 130298 is divided by 257.
256
Calculate the remainder when 550172 is divided by 33.
29
Calculate the remainder when 30905 is divided by 28.
21
What is the remainder when 3735 is divided by 52?
43
What is the remainder when 365479 is divided by 26105?
9
Calculate the remainder when 246403 is divided by 50.
3
Calculate the remainder when 248479 is divided by 668.
651
What is the remainder when 10918 is divided by 18?
10
What is the remainder when 2179 is divided by 1?
0
Calculate the remainder when 18147 is divided by 313.
306
What is the remainder when 11457 is divided by 876?
69
Calculate the remainder when 15354 is divided by 23.
13
What is the remainder when 1634469 is divided by 17?
4
What is the remainder when 8753 is divided by 818?
573
What is the remainder when 451821 is divided by 1325?
1321
Calculate the remainder when 282225 is divided by 184.
153
Calculate the remainder when 1890 is divided by 1881.
9
Calculate the remainder when 11100 is divided by 285.
270
What is the remainder when 30262 is divided by 1252?
214
What is the remainder when 3951 is divided by 498?
465
Calculate the remainder when 163161 is divided by 248.
225
What is the remainder when 23402 is divided by 274?
112
Calculate the remainder when 25064 is divided by 24.
8
Calculate the remainder when 464436 is divided by 116104.
20
What is the remainder when 109663 is divided by 16?
15
What is the remainder when 23693 is divided by 817?
0
Calculate the remainder when 131 is divided by 32.
3
Calculate the remainder when 1089557 is divided by 723.
719
Calculate the remainder when 691 is divided by 292.
107
What is the remainder when 201851 is divided by 34?
27
Calculate the remainder when 4357 is divided by 117.
28
Calculate the remainder when 2225 is divided by 556.
1
Calculate the remainder when 39665 is divided by 502.
7
Calculate the remainder when 124374 is divided by 99.
30
Calculate the remainder when 834 is divided by 165.
9
What is the remainder when 5718 is divided by 11?
9
Calculate the remainder when 23081 is divided by 648.
401
Calculate the remainder w